e prime factors of 452386633?
452386633
List the prime factors of 227396895.
3, 5, 11, 1378163
List the prime factors of 142956718.
2, 29, 1361, 1811
What are the prime factors of 167287907?
3163, 52889
What are the prime factors of 56541154?
2, 107, 264211
What are the prime factors of 122880750?
2, 3, 5, 163841
What are the prime factors of 289316547?
3, 13, 2472791
List the prime factors of 1201559.
1201559
What are the prime factors of 457276487?
457276487
What are the prime factors of 2770333005?
3, 5, 11, 17, 37, 26693
What are the prime factors of 275296143?
3, 83, 1105607
List the prime factors of 292079778.
2, 3, 103, 593, 797
List the prime factors of 361815829.
23, 15731123
What are the prime factors of 6789841554?
2, 3, 53, 101, 211403
List the prime factors of 879136847.
879136847
List the prime factors of 706355825.
5, 7, 576617
What are the prime factors of 215495288?
2, 29, 928859
What are the prime factors of 427645091?
79, 5413229
What are the prime factors of 4868688648?
2, 3, 61, 1787, 1861
What are the prime factors of 35647462?
2, 3967, 4493
List the prime factors of 5129263.
97, 52879
List the prime factors of 359670062.
2, 179835031
What are the prime factors of 286499423?
7, 19, 307733
What are the prime factors of 48445709?
13, 173, 1657
What are the prime factors of 15621717?
3, 5207239
List the prime factors of 44069190.
2, 3, 5, 11, 133543
List the prime factors of 82227478.
2, 19, 2163881
What are the prime factors of 2129369902?
2, 11, 137, 257, 2749
What are the prime factors of 1126009017?
3, 7, 1913, 9343
List the prime factors of 1139394434.
2, 17, 33511601
What are the prime factors of 134078045?
5, 3089, 8681
What are the prime factors of 51466027?
821, 62687
List the prime factors of 567640909.
11, 51603719
What are the prime factors of 205773183?
3, 7, 11, 29, 3413
What are the prime factors of 1542050475?
3, 5, 7, 2937239
List the prime factors of 1447158.
2, 3, 29, 8317
What are the prime factors of 35924380?
2, 5, 1796219
What are the prime factors of 496415101?
7, 13, 101, 54011
List the prime factors of 372238674.
2, 3, 62039779
What are the prime factors of 171353084?
2, 7, 139, 44027
What are the prime factors of 627787810?
2, 5, 13, 4829137
List the prime factors of 7059046.
2, 17, 207619
List the prime factors of 42160233.
3, 967, 14533
List the prime factors of 155186288.
2, 37, 262139
What are the prime factors of 729060039?
3, 19, 4263509
List the prime factors of 83522903.
83522903
What are the prime factors of 4432456170?
2, 3, 5, 49249513
List the prime factors of 504451111.
23, 21932657
List the prime factors of 107381390.
2, 5, 10738139
What are the prime factors of 1255424815?
5, 4673, 53731
What are the prime factors of 307199082?
2, 3, 409, 125183
List the prime factors of 273328252.
2, 68332063
List the prime factors of 4965027.
3, 59, 28051
What are the prime factors of 2101148691?
3, 700382897
List the prime factors of 34262720.
2, 5, 107071
List the prime factors of 2725094257.
23, 349, 339491
List the prime factors of 1731251655.
3, 5, 7, 173, 31769
List the prime factors of 71277774.
2, 3, 11879629
List the prime factors of 87577327.
19, 4609333
What are the prime factors of 63273202?
2, 53, 596917
List the prime factors of 1395350317.
9091, 153487
List the prime factors of 1772675865.
3, 5, 79, 498643
What are the prime factors of 319703992?
2, 31, 1289129
List the prime factors of 193713593.
7907, 24499
What are the prime factors of 63166124?
2, 7, 157, 14369
What are the prime factors of 1308505853?
1308505853
What are the prime factors of 185705164?
2, 19, 1181, 2069
What are the prime factors of 38001664?
2, 17, 37, 59
What are the prime factors of 54945907?
967, 56821
List the prime factors of 70875241.
70875241
List the prime factors of 88299008.
2, 7, 71, 347
List the prime factors of 115095291.
3, 38365097
List the prime factors of 61641439.
17, 857, 4231
What are the prime factors of 27444437?
1069, 25673
What are the prime factors of 465461613?
3, 503, 34273
What are the prime factors of 501205668?
2, 3, 41767139
List the prime factors of 16879817.
3253, 5189
What are the prime factors of 80708958?
2, 3, 11, 407621
What are the prime factors of 2698145416?
2, 337268177
What are the prime factors of 924437019?
3, 11, 31, 809, 1117
List the prime factors of 151236985.
5, 30247397
List the prime factors of 48103258.
2, 7, 23, 31, 61, 79
List the prime factors of 1523815447.
7, 11, 19, 31, 33599
What are the prime factors of 9411958?
2, 587, 8017
What are the prime factors of 38146719?
3, 13, 23, 43
What are the prime factors of 72242823?
3, 24080941
List the prime factors of 5018334985.
5, 101, 9937297
What are the prime factors of 178397657?
619, 288203
List the prime factors of 2121865101.
3, 235762789
List the prime factors of 231794709.
3, 29, 2664307
What are the prime factors of 247632725?
5, 2963, 3343
List the prime factors of 72409681.
17, 23, 109, 1699
What are the prime factors of 16642059?
3, 7, 792479
What are the prime factors of 3154094?
2, 683, 2309
What are the prime factors of 84270394?
2, 13, 17, 190657
List the prime factors of 851892654.
2, 3, 2657, 53437
List the prime factors of 2840055240.
2, 3, 5, 11, 41, 97, 541
List the prime factors of 3832089874.
2, 1916044937
List the prime factors of 63430979.
2203, 28793
What are the prime factors of 332215301?
11, 2745581
What are the prime factors of 239596203?
3, 7, 11, 1037213
List the prime factors of 97372855.
5, 17, 43, 26641
List the prime factors of 1618194220.
2, 5, 80909711
What are the prime factors of 183954563?
13, 14150351
What are the prime factors of 222616939?
19, 11716681
What are the prime factors of 1774605458?
2, 313, 2834833
List the prime factors of 55071823.
17, 19, 53, 3217
What are the prime factors of 40885006?
2, 61, 335123
What are the prime factors of 528729824?
2, 7, 911, 2591
What are the prime factors of 44076958?
2, 22038479
List the prime factors of 675873006.
2, 3, 37, 3044473
List the prime factors of 197198902.
2, 53, 89, 20903
List the prime factors of 2142795507.
3, 714265169
List the prime factors of 782386756.
2, 37, 271, 19507
List the prime factors of 829563836.
2, 59, 3515101
What are the prime factors of 431627864?
2, 19, 2839657
What are the prime factors of 463176150?
2, 3, 5, 3087841
List the prime factors of 610727739.
3, 203575913
List the prime factors of 21163771.
47, 450293
What are the prime factors of 66780664?
2, 127, 65729
What are the prime factors of 14147336?
2, 7, 257, 983
What are the prime factors of 711627153?
3, 23, 10313437
List the prime factors of 240546905.
5, 97, 495973
List the prime factors of 356936675.
5, 17, 127, 389
What are the prime factors of 62633741?
62633741
What are the prime factors of 3747205775?
5, 457, 327983
What are the prime factors of 254654060?
2, 5, 12732703
List the prime factors of 6219617097.
3, 4783, 433453
List the prime factors of 75281269.
7, 10754467
List the prime factors of 35211912.
2, 3, 163, 9001
What are the prime factors of 763021437?
3, 19, 37, 361793
What are the prime factors of 2366523462?
2, 3, 277, 1423901
What are the prime factors of 244203718?
2, 11, 89, 124721
List the prime factors of 101262021.
3, 7, 4822001
List the prime factors of 34172297.
223, 293, 523
List the prime factors of 2048643978.
2, 3, 647, 527729
List the prime factors of 61234975.
5, 2449399
What are the prime factors of 2263724527?
311, 7278857
What are the prime factors of 39494065?
5, 13, 19, 113, 283
What are the prime factors of 270824546?
2, 1481, 91433
List the prime factors of 90123042.
2, 3, 19, 79, 10007
List the prime factors of 60042312.
2, 3, 11, 47, 1613
List the prime factors of 21680470.
2, 5, 7, 31, 97, 103
What are the prime factors of 92670519?
3, 17, 23, 199, 397
What are the prime factors of 2282803441?
2282803441
List the prime factors of 706788429.
3, 19, 1999, 6203
What are the prime factors of 400356464?
2, 211, 118589
What are the prime factors of 434047744?
2, 13, 130423
List the prime factors of 3515466749.
3515466749
List the prime factors of 1084128.
2, 3, 23, 491
List the prime factors of 47145768.
2, 3, 23, 223, 383
List the prime factors of 155397167.
29, 5358523
What are the prime f